4 (base 13) to base 16
-1be
Convert -823 (base 15) to base 5.
-24313
What is -26421 (base 8) in base 10?
-11537
110 (base 11) to base 12
b0
What is -10001100011 (base 2) in base 10?
-1123
What is a287 (base 14) in base 16?
6d2f
-10101202201 (base 3) to base 14
-1a546
What is 4244 (base 5) in base 15?
284
What is 273 (base 12) in base 11?
311
Convert -1303030 (base 4) to base 12.
-4324
Convert -6a0 (base 15) to base 10.
-1500
What is -a151 (base 15) in base 8?
-102403
Convert 3346 (base 8) to base 12.
1032
Convert -1112 (base 7) to base 9.
-485
-151235 (base 6) to base 7
-60320
What is -120 (base 12) in base 9?
-206
14211 (base 5) to base 15
53b
-2798 (base 12) to base 15
-1555
What is 43 (base 8) in base 13?
29
132 (base 11) to base 7
312
-111 (base 2) to base 6
-11
What is 1476 (base 12) in base 16?
95a
Convert 101011010000110 (base 2) to base 16.
5686
What is -40241 (base 5) in base 2?
-101000001011
What is -23 (base 12) in base 16?
-1b
Convert -10010010011111110 (base 2) to base 7.
-431451
Convert -233030 (base 4) to base 6.
-21552
Convert -120222 (base 3) to base 5.
-3211
Convert 1907 (base 13) to base 5.
104400
-1001022 (base 4) to base 14
-173c
-102645 (base 8) to base 6
-422221
What is 331 (base 12) in base 5?
3334
What is 2032 (base 11) in base 7?
10602
Convert 8341 (base 15) to base 7.
143602
Convert -563 (base 7) to base 11.
-244
What is 101011110110 (base 2) in base 14?
1046
cb (base 16) to base 5
1303
What is 670 (base 9) in base 3?
202100
Convert -434430 (base 6) to base 11.
-25074
What is 18ba4 (base 15) in base 4?
103211332
Convert -9ae6 (base 16) to base 14.
-10646
What is -427 (base 9) in base 2?
-101011101
-1102 (base 6) to base 12
-192
Convert 19810 (base 13) to base 4.
30020203
Convert -4012 (base 6) to base 9.
-1168
3da (base 15) to base 5
12010
What is -513 (base 7) in base 11?
-212
Convert -2230 (base 6) to base 9.
-640
What is -61 (base 15) in base 10?
-91
-12072 (base 9) to base 6
-101232
Convert -2345 (base 6) to base 14.
-2c9
Convert -121440 (base 5) to base 12.
-2810
Convert -411 (base 12) to base 14.
-301
What is 1010200100 (base 3) in base 14?
8217
13031123 (base 4) to base 3
1111111202
-4485 (base 9) to base 8
-6365
What is 31120 (base 4) in base 3?
1011201
What is 211021 (base 3) in base 7?
1516
What is 68d (base 14) in base 4?
110111
Convert -67b (base 14) to base 11.
-a69
1021333 (base 4) to base 9
6441
1000002102 (base 3) to base 2
100110100100100
-15c5 (base 15) to base 7
-16442
-3512 (base 6) to base 8
-1504
What is 1f8 (base 16) in base 5?
4004
What is -10020 (base 3) in base 9?
-106
-412b (base 15) to base 3
-200212212
Convert 11401 (base 13) to base 3.
1121010021
Convert 35223 (base 10) to base 9.
53276
63350 (base 8) to base 2
110011011101000
Convert 4e3 (base 16) to base 9.
1640
-18a (base 14) to base 11
-26a
-67a7 (base 14) to base 16
-463f
Convert -654 (base 11) to base 14.
-401
What is 115 (base 10) in base 2?
1110011
Convert -21032 (base 7) to base 5.
-131133
Convert -44310 (base 9) to base 12.
-15030
1010220 (base 3) to base 8
1502
4132130 (base 5) to base 14
1a9c2
What is -4296 (base 13) in base 8?
-22041
Convert 341000 (base 6) to base 11.
1a647
Convert -66123 (base 7) to base 6.
-204310
What is 4454 (base 11) in base 10?
5867
-65 (base 7) to base 15
-32
What is 2120 (base 5) in base 6?
1153
Convert -1030 (base 6) to base 3.
-22200
-102312 (base 4) to base 3
-1122200
What is -70d (base 14) in base 8?
-2551
Convert 1561 (base 10) to base 7.
4360
709 (base 15) to base 2
11000110000
Convert -101600 (base 7) to base 14.
-6500
152d (base 16) to base 7
21543
396 (base 16) to base 15
413
-131203 (base 4) to base 10
-1891
16241 (base 10) to base 7
65231
3141 (base 6) to base 4
23011
What is -1a9a4 (base 13) in base 9?
-78524
What is 1251 (base 9) in base 14?
4ad
-7 (base 9) to base 8
-7
What is 1c9 (base 13) in base 3?
110101
What is 5b9 (base 13) in base 3?
1100221
-13bd (base 15) to base 9
-5717
-2199 (base 12) to base 5
-104332
What is 9b3 (base 12) in base 16?
597
What is -36 (base 14) in base 9?
-53
What is -1cc4 (base 14) in base 3?
-21020010
What is -35540 (base 6) in base 15?
-17ec
What is -12123 (base 4) in base 15?
-1c6
Convert -11421 (base 5) to base 9.
-1156
What is -2130 (base 7) in base 6?
-3300
What is -1011 (base 5) in base 13?
-a1
Convert 2120002 (base 3) to base 14.
973
1604a (base 11) to base 5
1211211
Convert -223 (base 6) to base 15.
-5c
What is 7703 (base 8) in base 5?
112120
-431 (base 6) to base 8
-243
Convert 40241 (base 5) to base 14.
d19
What is -239 (base 14) in base 11?
-373
What is -1a4 (base 15) in base 13?
-232
Convert 100110111 (base 2) to base 3.
102112
Convert -87 (base 9) to base 4.
-1033
What is -22100 (base 5) in base 16?
-5f5
What is -1514 (base 6) in base 5?
-3111
-2a6 (base 13) to base 14
-25c
-15915 (base 10) to base 9
-23743
What is -20100 (base 7) in base 16?
-12f3
Convert -1935 (base 12) to base 14.
-118d
What is 12 (base 6) in base 4?
20
10022 (base 5) to base 11
52a
What is 104144 (base 5) in base 12?
2162
-171b (base 14) to base 11
-3125
What is -10001010110110010 (base 2) in base 9?
-117458
What is -a43d (base 14) in base 13?
-cb44
What is 6b7 (base 13) in base 9?
1533
Convert 14134 (base 6) to base 3.
10001011
Convert 11100000011 (base 2) to base 9.
2414
110011011010 (base 2) to base 9
4455
Convert -1613 (base 9) to base 4.
-103023
What is 7691 (base 13) in base 11?
11450
-1057 (base 15) to base 5
-102312
What is -309 (base 10) in base 6?
-1233
What is -45011 (base 7) in base 11?
-8568
What is 725 (base 10) in base 6?
3205
Convert 266 (base 14) to base 10.
482
What is 2242 (base 9) in base 4?
121322
Convert -11b4d (base 14) to base 3.
-2012111212
Convert 1252 (base 6) to base 8.
500
271 (base 16) to base 5
10000
Convert -3250 (base 7) to base 13.
-6b5
Convert -95 (base 16) to base 2.
-10010101
b48 (base 13) to base 8
3577
What is -5048 (base 9) in base 12?
-2175
-312 (base 6) to base 7
-224
What is -1001221220 (base 3) in base 6?
-241423
Convert 35333 (base 8) to base 10.
15067
What is -142 (base 14) in base 9?
-312
110613 (base 7) to base 8
46070
111100101111 (base 2) to base 3
12022222
What is -744 (base 16) in base 7?
-5265
What is -11e6 (base 15) in base 6?
-25400
What is 16e (base 15) in base 6?
1305
Convert -132 (base 10) to base 11.
-110
1011322 (base 5) to base 13
7654
What is 9c2 (base 15) in base 12?
133b
122011010 (base 3) to base 8
30330
What is 1044404 (base 6) in base 12?
26704
What is 7506 (base 8) in base 14?
15d4
4773 (base 14) to base 12
7255
1100230 (base 5) to base 16
497f
11101 (base 5) to base 6
3332
What is 220033 (base 6) in base 16?
46f5
10100202 (base 3) to base 12
1502
What is 2030043 (base 5) in base 6?
413244
Convert 21020012 (base 3) to base 6.
40222
101332 (base 5) to base 15
ecc
-213021 (base 4) to base 5
-40010
Convert 559 (base 12) to base 14.
405
What is -11213 (base 5) in base 13?
-4a2
Convert 1422 (base 7) to base 3.
202120
-342155 (base 6) to base 15
-88e5
What is 4717 (base 11) in base 14?
2381
-10030 (base 4) to base 12
-1a4
What is -262 (base 10) in base 13?
-172
What is 281d (base 16) in base 2?
10100000011101
What is -22030 (base 8) in base 13?
-428a
20031 (base 4) to base 10
525
-12323311 (base 4) to base 13
-cc10
What is 132321 (base 5) in base 4?
1103120
5ed7 (base 16) to base 2
101111011010111
Convert -23868 (base 9) to base 13.
-73a3
301055 (base 6) to base 15
6ebe
What is -4063 (base 7) in base 3?
-1221111
Convert -11001001110101 (base 2) to base 11.
-9783
2056 (base 9) to base 13
8c1
-6b1 (base 12) to base 16
-3e5
8522 (base 9) to base 3
22120202
17f9 (base 16) to base 10
6137
Convert 12266 (base 7) to base 16.
ca1
-507 (base 9) to base 6
-1524
470 (base 8) to base 16
138
What is 17a (base 11) in base 5?
1313
Convert 1110222 (base 3) to base 12.
75b
-3231132 (base 4) to base 16
-3b5e
-100100011110 (base 2) to base 9
-3173
Convert -26627 (base 9) to base 6.
-215211
What is -5640 (base 9) in base 14?
-1739
-7a0 (base 11) to base 16
-3bd
6068 (base 9) to base 3
20002022
What is 1003510 (base 6) in base 5?
3004430
What is 1001002 (base 4) in base 16?
1042
What is 254 (base 15) in base 6?
2241
367 (base 10) to base 11
304
What is 39857 (base 10) in base 9?
60605
1e8 (base 15) to base 10
443
What is -13113